m be u(6). Let x be 3/2*36/m. Give j(x).
10
Let x be -5 - 3/(24/(-16)). Let u(t) = -3*t**2 - 2*t - 1. Determine u(x).
-22
Suppose 3*l + 16 = -l. Let g(h) be the first derivative of 3*h**2 + 5*h - 10050. Determine g(l).
-19
Let n(j) = -3*j + 13. Let l(k) = k**2 - 57*k + 644. Let r be l(16). Give n(r).
49
Let k be (-4)/(-10) - (-516)/60. Let b(z) = -z - 15 + 24 - k. Determine b(-2).
2
Let n(x) = 6*x - 589*x**2 - 591*x**2 - 593*x**2 + 5 - 594*x**2 + 2368*x**2. Suppose -2*t + 5*t + 15 = 0. Give n(t).
0
Let m = 0 + 3. Suppose -3*o + 2*a + 3*a - 14 = 0, 34 = -m*o - 5*a. Let w(n) = n**2 + 8*n + 3. Let b be w(o). Let r(y) = -y**3 + 2*y**2 + 5*y - 2. Give r(b).
4
Let c(f) = -4*f**2 + 96930*f + 3*f**3 + 0*f**2 - 96927*f. Suppose 4*y + 1 - 9 = 0. Calculate c(y).
14
Let h = 1 - 1. Let d(g) = 4 + 3*g - 6 + h*g. Suppose -4*b + 6*u + 19 = 5*u, -2*u = 6. Calculate d(b).
10
Let j(i) = -130*i + 10. Let s(x) = -61*x + 5. Let a(q) = 6*j(q) - 13*s(q). Give a(1).
8
Let w(x) be the first derivative of -x**3/6 + 4*x**2 + 4*x + 4. Let c(l) be the first derivative of w(l). Let k(j) = 3*j**2 + 1. Let s be k(-1). Give c(s).
4
Let x(n) = -n**2 + n - 2. Let o be x(2). Let m(i) = 20*i - 34. Let y(a) = -7*a + 12. Let c(b) = 5*m(b) + 14*y(b). Give c(o).
-10
Let r(y) = y**3 + 4*y**2 + 3*y + 1. Let f be ((-12)/(-8))/((-2)/(-8)). Suppose 4*n = 2*n - f. What is r(n)?
1
Let v be -12*9/((-135)/(-10)). Let w(p) = 6*p - 10 - 14*p + 6*p. What is w(v)?
6
Suppose -w + 62 = -3*f + 75, w + 18 = 4*f. Let v(m) be the first derivative of -w - 1/2*m**2 - 3*m. What is v(4)?
-7
Let v(y) be the third derivative of y**8/6720 + y**7/315 - y**6/360 + y**5/15 - 7*y**4/24 + 32*y**2. Let f(x) be the second derivative of v(x). Give f(-8).
24
Let b(v) = -51*v + 19*v - 7 + 16*v + 17*v. Determine b(7).
0
Suppose -7 = -2*j - o - 4*o, -5*o + 6 = j. Let t(s) = -s**2 + 4348*s + j - 4348*s. Let v = 1 - 2. What is t(v)?
0
Let b(f) = 11*f - 17. Suppose 4*o + 6*m = m - 35, 0 = -m - 3. Let c(h) = -7*h + 11. Let i(p) = o*b(p) - 8*c(p). Give i(-5).
-8
Let y(m) = -m**2 - m - 1. Let g be ((-8)/(-18))/(2/9). Let j(s) = s + 2*s + 2 + 4*s**2 + 0*s**g - 3*s**2. Let q be j(-2). Give y(q).
-1
Let f = -2 - -14. Let m = -16 - -22. Let z(j) = -f - j + 5 + m. Calculate z(5).
-6
Let l(q) be the third derivative of -q**4/6 - q**3/6 - 15*q**2. What is l(0)?
-1
Let z = 1428 + -1424. Let x(k) be the second derivative of 7/6*k**3 - 1/12*k**z + 0 + k + 1/2*k**2. Calculate x(6).
7
Let t = -18 + 13. Let w(b) = -11*b**2 - 41*b + 3. Let g(v) = 5*v**2 + 19*v - 1. Let l(f) = -9*g(f) - 4*w(f). Determine l(t).
7
Let i(s) = -s**3 - s**2. Suppose -4*w + w = l - 11, -5*w = -20. Let d(n) = -6*n**3 - 11*n**2 - 8*n - 3. Let a(z) = l*d(z) + 5*i(z). Calculate a(-5).
-12
Let f(v) = -v - 13. Let c be 4/(-26) - 56/(-364). Calculate f(c).
-13
Let t = 12 - 43. Let s = t + 33. Let o(u) = -2*u + s + 0*u**3 - u**3 + 5*u**3 - 3*u**3. Determine o(2).
6
Let j(i) be the first derivative of 1/3*i**3 - 1/4*i**4 + 3*i - 2 + 3/2*i**2. Suppose -z + 2*a + 9 = 4*a, -6 = -4*z + 2*a. Determine j(z).
-6
Let a(v) = v**2 - 5*v - 3. Suppose 5*g = 3*g + 8. Let h be (-1)/2 - 27/(-6). Suppose 0 = 4*j + 12, h*z + 4*j = -0 + g. Calculate a(z).
-7
Let v be (27/12)/((-3)/8). Let q be (28/(-7))/(4/v). Let g(d) = d**2 - 5*d - 8. Give g(q).
-2
Let t be ((-306)/(-85))/((-4)/10). Let j(w) = -w**2 - 7*w + 21. Give j(t).
3
Let f(m) be the first derivative of -1/2*m**2 - 7*m - 4 - 1/3*m**3. Let h be f(0). Let t(k) = k**3 + 6*k**2 - 7*k - 9. What is t(h)?
-9
Suppose v = 4*r + 2, v + 2*v = 4*r + 14. Let s(b) = -1119 - 2*b + 3*b + 1124. Calculate s(v).
11
Let b(u) be the first derivative of -u**3/3 - u**2/2 - 331. Determine b(0).
0
Let i(z) = -2*z**2 - 57*z + 1076. Let u be i(13). Suppose -2*h = h - 6. Let j(s) = -2 + 0*s - s**h - 4*s + 5*s. Calculate j(u).
-14
Let l be 30/55 + (-1984)/(-1364). Let a(h) = h + 2*h**2 - 4*h**2 + h. Determine a(l).
-4
Let r(n) = -7*n - 5. Let x(u) = -13 - 40*u - 47 + 12 - 26*u. Let s(z) = 48*r(z) - 5*x(z). Let w = 0 + -1. Calculate s(w).
6
Let f(x) = x - 4. Suppose 3*d - 2 - 3 = -p, -34 = 2*p - 5*d. Let z(a) = -2*a - 8. Let k be z(p). Determine f(k).
2
Let j(a) = -5*a - 1. Let n(b) = -6*b - 1. Let z(s) = -5*j(s) + 4*n(s). Let u = -19 - -27. What is z(u)?
9
Let g be 1/4 + 18/(-8). Let c = 3 + g. Let x(s) = -s + 6*s - 6*s + 1 - 5*s. What is x(c)?
-5
Suppose 3*y + 5*k = -20, -4*y + 2*k + 7 = -1. Let b = 0 + y. Let f(l) = -l**2 + 3*l + 3. Let d(h) = h**2 - 2*h - 3. Let r(q) = 3*d(q) + 2*f(q). Determine r(b).
-3
Let i = -43 - -52. Let l(u) = 0*u - u - 2*u + 5*u**2. Let b(k) = -11*k**2 + 7*k - 1. Let m(r) = i*l(r) + 4*b(r). Determine m(-4).
8
Let v(u) = 23*u**2 - 24*u + 7. Let x(k) = 8*k**2 - 9*k + 3. Let j(c) = 3*v(c) - 8*x(c). Determine j(2).
17
Suppose 5*z + 0*b + b - 18 = 0, 4*z - 8 = -4*b. Let y(l) = -z + 2*l**2 - l**2 - 2*l + 1 + 5*l. What is y(-3)?
-3
Let z be ((-18)/(-8))/((-5)/60). Let u = 23 + 7. Let o = z + u. Let q(n) = n**2 - 4*n + 3. Calculate q(o).
0
Let r(z) = -2*z + 2. Let w(h) = h**2 - 3*h + 3. Let y be w(0). Suppose -k + 11 = -4*k - l, -9 = 5*k - y*l. Calculate r(k).
8
Let z(b) = -b**3 - 5*b**2 - 3*b + 2. Suppose -4*o = -4*m - 180, 164 = 3*o + 2*m + 39. Let p = 39 - o. What is z(p)?
-2
Let v = -5 + 3. Let d(b) be the third derivative of b**4/8 - b**3/3 - 43*b**2. What is d(v)?
-8
Let u(l) be the first derivative of 3*l**2/2 + l + 20. Let r = 53 + -57. Calculate u(r).
-11
Let o(h) = -5*h - 2. Let j = -10 - 0. Let z = 15 + j. Suppose -5*s = z*k + 10, -5*k = 4*s + 10 - 2. Give o(s).
8
Let v be -3*4/(-6) - 7. Suppose 2*n + 5*i - 13 = 0, 4*n - 9*i = -5*i - 16. Let y = v + n. Let a(u) = -u**2 - 5*u - 5. What is a(y)?
-11
Let o = 33 + -75. Let f = o - -47. Let r(x) = 2*x - 1. Let h(t) = -2*t + 2. Let m(z) = 4*h(z) + 3*r(z). Calculate m(f).
-5
Let w(i) = -i**2 + i + 9. Let m(g) = 2*g**2 + 3*g - 5. Let j(p) = p**2 + p - 2. Let y(s) = 5*j(s) - 2*m(s). Let n be y(0). Determine w(n).
9
Let m(q) = -6 - q + q - q. Let d(k) = -k**3 - 23*k**2 + 51*k + 31. Let w be d(-25). Let u(y) = -y**3 + 2*y**2 + 23*y + 1. Let o be u(w). Give m(o).
-1
Let x(a) = -a**3 - 6*a**2 + 2*a + 5. Suppose -l = -5, -3*j + 17*l - 28 = 15*l. What is x(j)?
-7
Let n be (-1 - -7)*(4 - 3). Suppose -d - n = 2*d. Let w(s) = 3 - 7 + 0*s + 6 - 5*s. What is w(d)?
12
Suppose 2*d = 3*d + 3. Let h(t) be the first derivative of -3*t - 1/3*t**3 + 4 - 2*t**2. Calculate h(d).
0
Let a be ((-2)/(-4))/((-9)/(-18)). Let m be -3 - -1*6/a. Let v = 8 - m. Let t(d) = -d**2 + 5*d + 5. Calculate t(v).
5
Let x(r) = -4*r. Let z = -20 - -21. Suppose 0*f = f + z. Give x(f).
4
Let l = 20 + -12. Suppose 0 = 2*t + b - 3*b - l, 2 = -2*b. Let z be 6 - -4*t/(-4). Let c(f) = -f**3 + 3*f**2 - f. What is c(z)?
-3
Let g = -112 - -112. Let h(j) = j**2 + 2*j - 10. Calculate h(g).
-10
Let h(d) = 2 - 5*d + 9 - 3 + 3*d + 4. What is h(13)?
-14
Let v(d) = -5*d**3 - 6*d**3 + 18*d**3 + 9*d**2 - d + 5 - 8*d**3. Let b be 4/(8/2) - -8. Give v(b).
-4
Let o be (-5)/(-5 + 1 + (-22)/(-6)). Let z(a) = -a**2 + 16*a - 1. Determine z(o).
14
Let z(r) = 2*r + 14. Let q = 1317 - 1326. Calculate z(q).
-4
Suppose 4373 + 3079 = 9*f. Let d be f/(-81) + 4/18. Let s = 4 + d. Let n(y) = y - 3. Give n(s).
-9
Suppose -385 = -5*u - 395. Let o(d) = -5*d - 3. Give o(u).
7
Let k(c) = 8*c**2. Let p be k(-1). Suppose 2*g + 4*s = 2, 2*g = -0*g - 2*s + p. Suppose g = 4*m + 23. Let w(v) = v**3 + 5*v**2 + 3*v + 5. Give w(m).
9
Suppose -4*s + 2*r = 6*r - 32, -5*s + 2*r + 40 = 0. Let x(u) = -u**2 + 2*u + 10. Determine x(s).
-38
Let d(i) be the third derivative of -1/30*i**5 - 2*i**2 + 0*i + 1/8*i**4 + 0 - 1/3*i**3. Determine d(2).
-4
Let k(v) = 959*v**3 - 9*v + 4*v**2 - 960*v**3 - 8 + 5*v**2. What is k(8)?
-16
Let c(t) = -t + 10. Let n(b) = b**2 + b - 13. Let p be n(-5). Determine c(p).
3
Suppose 0 = 35*b - 41*b + 66. Let h(k) = k**2 - 10*k + 3. Calculate h(b).
14
Let h = -13 - -23. Suppose -h = 6*p - 4*p. Let f(m) = -m**3 - 5*m**2 - m - 6. Determine f(p).
-1
Let k(u) be the second derivative of u**5/20 + u**4/2 + 5*u**3/6 + 3*u**2 + 35*u. Calculate k(-5).
6
Let j(o) = 4*o - 3. Suppose -4*i + 20 = -0*i. Let s(t) = -2*t + 1. Let w(v) = i*s(v) + 2*j(v). Let g(b) = b + 6. Let a be g(-2). Determine w(a).
-9
Let c(n) be the second derivative of 1/20*n**5 + 0 + 1/6*n**3 + 1/